{"version":"1.0","provider_name":"Ateliers d&#039;Artistes de Belleville","provider_url":"https:\/\/ateliers-artistes-belleville.fr\/en","author_name":"Traute Schmaljohann","author_url":"https:\/\/ateliers-artistes-belleville.fr\/en\/author\/at-juillet2aliceadsl-fr\/","title":"Traute Schmaljohann | Collage, Peinture | Ateliers d&#039;Artistes de Belleville","type":"rich","width":600,"height":338,"html":"<blockquote class=\"wp-embedded-content\" data-secret=\"0HBWYXnFZx\"><a href=\"https:\/\/ateliers-artistes-belleville.fr\/en\/artiste\/traute-schmaljohann\/\">Traute Schmaljohann<\/a><\/blockquote><iframe sandbox=\"allow-scripts\" security=\"restricted\" src=\"https:\/\/ateliers-artistes-belleville.fr\/en\/artiste\/traute-schmaljohann\/embed\/#?secret=0HBWYXnFZx\" width=\"600\" height=\"338\" title=\"&#8220;Traute Schmaljohann&#8221; &#8212; Ateliers d&#039;Artistes de Belleville\" data-secret=\"0HBWYXnFZx\" frameborder=\"0\" marginwidth=\"0\" marginheight=\"0\" scrolling=\"no\" class=\"wp-embedded-content\"><\/iframe><script type=\"text\/javascript\">\n\/* <![CDATA[ *\/\n\/*! This file is auto-generated *\/\n!function(d,l){\"use strict\";l.querySelector&&d.addEventListener&&\"undefined\"!=typeof URL&&(d.wp=d.wp||{},d.wp.receiveEmbedMessage||(d.wp.receiveEmbedMessage=function(e){var t=e.data;if((t||t.secret||t.message||t.value)&&!\/[^a-zA-Z0-9]\/.test(t.secret)){for(var s,r,n,a=l.querySelectorAll('iframe[data-secret=\"'+t.secret+'\"]'),o=l.querySelectorAll('blockquote[data-secret=\"'+t.secret+'\"]'),c=new RegExp(\"^https?:$\",\"i\"),i=0;i<o.length;i++)o[i].style.display=\"none\";for(i=0;i<a.length;i++)s=a[i],e.source===s.contentWindow&&(s.removeAttribute(\"style\"),\"height\"===t.message?(1e3<(r=parseInt(t.value,10))?r=1e3:~~r<200&&(r=200),s.height=r):\"link\"===t.message&&(r=new URL(s.getAttribute(\"src\")),n=new URL(t.value),c.test(n.protocol))&&n.host===r.host&&l.activeElement===s&&(d.top.location.href=t.value))}},d.addEventListener(\"message\",d.wp.receiveEmbedMessage,!1),l.addEventListener(\"DOMContentLoaded\",function(){for(var e,t,s=l.querySelectorAll(\"iframe.wp-embedded-content\"),r=0;r<s.length;r++)(t=(e=s[r]).getAttribute(\"data-secret\"))||(t=Math.random().toString(36).substring(2,12),e.src+=\"#?secret=\"+t,e.setAttribute(\"data-secret\",t)),e.contentWindow.postMessage({message:\"ready\",secret:t},\"*\")},!1)))}(window,document);\n\/* ]]> *\/\n<\/script>\n","thumbnail_url":"https:\/\/ateliers-artistes-belleville.fr\/wp-content\/uploads\/at-juillet2aliceadsl-fr\/2013\/4-jeu-daffiche-21-ts-40x40cm.jpg","thumbnail_width":630,"thumbnail_height":619,"description":"(Fran\u00e7ais)  J\u2019aime la couleur. Je travaille \u00e0 partir de pigments et de m\u00e9dium sur des papiers souvent tr\u00e8s fins et de provenance lointaine : Peintures sur toile et papier maroufl\u00e9s sur toile ou carton, \u00a0techniques mixtes\u2026 Je les construis \u00a0par strates, entre figuration et abstraction et en \u00e9cho \u00e0 la nature, au monde. Mon lien au v\u00e9g\u00e9tal et \u00e0 la terre est source d\u2019inspiration dans des s\u00e9ries \u00ab\u00a0Champs\u00a0\u00bb et \u00ab\u00a0Bois\u00a0\u00bb. L\u2019aquarelle, pr\u00e9sent\u00e9e aux AAB en 2023, est pour moi une \u00ab \u00e9chapp\u00e9e \u00bb au processus de construction-d\u00e9construction-reconstruction du collage. \u00a0Actuellement, je travaille avec des couleurs, des textes et des images des affiches glan\u00e9es sur les murs et le m\u00e9tro parisien. Ce que je vois, qui m\u2019attire, je le pr\u00e9l\u00e8ve et je le colle sur la toile pour cr\u00e9er une autre r\u00e9alit\u00e9 picturale\u00a0: s\u00e9ries \u00ab\u00a0Ville\u00a0\u00bb, \u00ab\u00a0Visions Urbaines\u00a0\u00bb, \u00ab\u00a0Paysage\u00a0\u00bb et r\u00e9cemment les \u00ab\u00a0Jeux d\u2019affiches\u00a0\u00bb. Je participe \u00e0 des nombreuses expositions, principalement en France, en Allemagne et au Portugal. \u00a0 &nbsp;"}

(Français)  J’aime la couleur. Je travaille à partir de pigments et de médium sur des papiers souvent très fins et de provenance lointaine : Peintures sur toile et papier marouflés sur toile ou carton,  techniques mixtes… Je les construis  par strates, entre figuration et abstraction et en écho à la nature, au monde. Mon lien au végétal et à la terre est source d’inspiration dans des séries « Champs » et « Bois ». L’aquarelle, présentée aux AAB en 2023, est pour moi une « échappée » au processus de construction-déconstruction-reconstruction du collage.  Actuellement, je travaille avec des couleurs, des textes et des images des affiches glanées sur les murs et le métro parisien. Ce que je vois, qui m’attire, je le prélève et je le colle sur la toile pour créer une autre réalité picturale : séries « Ville », « Visions Urbaines », « Paysage » et récemment les « Jeux d’affiches ». Je participe à des nombreuses expositions, principalement en France, en Allemagne et au Portugal.   &nbsp;
