{"version":"1.0","provider_name":"Ateliers d&#039;Artistes de Belleville","provider_url":"https:\/\/ateliers-artistes-belleville.fr\/en","author_name":"Thierry Chantegret","author_url":"https:\/\/ateliers-artistes-belleville.fr\/en\/author\/chantegret-thierrywanadoo-fr\/","title":"Thierry Chantegret | Photographie, Installation | Ateliers d&#039;Artistes de Belleville","type":"rich","width":600,"height":338,"html":"<blockquote class=\"wp-embedded-content\" data-secret=\"lk9LSBAyio\"><a href=\"https:\/\/ateliers-artistes-belleville.fr\/en\/artiste\/thierry-chantegret\/\">Thierry Chantegret<\/a><\/blockquote><iframe sandbox=\"allow-scripts\" security=\"restricted\" src=\"https:\/\/ateliers-artistes-belleville.fr\/en\/artiste\/thierry-chantegret\/embed\/#?secret=lk9LSBAyio\" width=\"600\" height=\"338\" title=\"&#8220;Thierry Chantegret&#8221; &#8212; Ateliers d&#039;Artistes de Belleville\" data-secret=\"lk9LSBAyio\" frameborder=\"0\" marginwidth=\"0\" marginheight=\"0\" scrolling=\"no\" class=\"wp-embedded-content\"><\/iframe><script type=\"text\/javascript\">\n\/* <![CDATA[ *\/\n\/*! This file is auto-generated *\/\n!function(d,l){\"use strict\";l.querySelector&&d.addEventListener&&\"undefined\"!=typeof URL&&(d.wp=d.wp||{},d.wp.receiveEmbedMessage||(d.wp.receiveEmbedMessage=function(e){var t=e.data;if((t||t.secret||t.message||t.value)&&!\/[^a-zA-Z0-9]\/.test(t.secret)){for(var s,r,n,a=l.querySelectorAll('iframe[data-secret=\"'+t.secret+'\"]'),o=l.querySelectorAll('blockquote[data-secret=\"'+t.secret+'\"]'),c=new RegExp(\"^https?:$\",\"i\"),i=0;i<o.length;i++)o[i].style.display=\"none\";for(i=0;i<a.length;i++)s=a[i],e.source===s.contentWindow&&(s.removeAttribute(\"style\"),\"height\"===t.message?(1e3<(r=parseInt(t.value,10))?r=1e3:~~r<200&&(r=200),s.height=r):\"link\"===t.message&&(r=new URL(s.getAttribute(\"src\")),n=new URL(t.value),c.test(n.protocol))&&n.host===r.host&&l.activeElement===s&&(d.top.location.href=t.value))}},d.addEventListener(\"message\",d.wp.receiveEmbedMessage,!1),l.addEventListener(\"DOMContentLoaded\",function(){for(var e,t,s=l.querySelectorAll(\"iframe.wp-embedded-content\"),r=0;r<s.length;r++)(t=(e=s[r]).getAttribute(\"data-secret\"))||(t=Math.random().toString(36).substring(2,12),e.src+=\"#?secret=\"+t,e.setAttribute(\"data-secret\",t)),e.contentWindow.postMessage({message:\"ready\",secret:t},\"*\")},!1)))}(window,document);\n\/* ]]> *\/\n<\/script>\n","thumbnail_url":"https:\/\/ateliers-artistes-belleville.fr\/wp-content\/uploads\/chantegret-thierrywanadoo-fr\/2026\/page-accueil-abb.jpg","thumbnail_width":787,"thumbnail_height":1181,"description":"N\u00e9 en 1963, vit \u00e0 Paris. &nbsp; Thierry Chantegret a \u00e9tudi\u00e9 la photographie \u00e0 l\u2019ETPA de Toulouse. Apr\u00e8s son service militaire il s\u2019installe \u00e0 Paris et assiste des photographes de mode et de publicit\u00e9. Bien que peu attir\u00e9 par ces univers qui lui permettent cependant de voyager, il a notamment pu collaborer \u00e0 des prises de vues de Guy Bourdin et Steve Hiett. En 1997, apr\u00e8s avoir longuement travaill\u00e9 dans la photogravure num\u00e9rique d\u00e8s ses d\u00e9buts, il part une ann\u00e9e en Argentine. Il y accompagne Paula Luttringer, photographe franco-argentine ex-d\u00e9tenue de la dictature argentine, dans son projet \u00abLos lamentatos de los muros\u00bb, sur les lieux de d\u00e9tention de la junte argentine. \u00c0 son retour il est tireur au laboratoire Picto et pratique assidument la \u00abStreet photography\u00bb. Apr\u00e8s une premi\u00e8re exposition remarqu\u00e9e au Festival des Chroniques Nomades \u00abJe ne fais que passer\u00bb, r\u00e9sultat du premier de ses nombreux voyages en Inde et apr\u00e8s s\u2019\u00eatre occup\u00e9 deux ann\u00e9es des tirages d\u2019exposition de Luc Delahaye (p\u00e9riode l\u2019ayant particuli\u00e9rement marqu\u00e9e), il se d\u00e9cide \u00e0 devenir pleinement photographe. &nbsp; Commence une longue p\u00e9riode de travaux photographiques et de r\u00e9sidences en R\u00e9gion Grand-Est et plus particuli\u00e9rement dans les Ardennes. En 2006 il expose \u00abUne ville\u00bb au Mus\u00e9e de l\u2019Ardenne \u00e0 Charleville-M\u00e9zi\u00e8res apr\u00e8s avoir \u00e9t\u00e9 durant une ann\u00e9e le premier r\u00e9sident de la \u00abMaison des Ailleurs\u00bb, maison d\u2019Arthur Rimbaud. \u00c0 l\u2019automne 2007, lors d\u2019une r\u00e9sidence \u00e0 La M\u00e9tive en Creuse, il travaille sur un projet sur les discrimination dont une partie deviendra\u00abIdentit\u00e9 ? qui traite de la dilution de l\u2019identit\u00e9 des \u00abGens du voyage : roms, tsiganes, manouches, gitans\u00bb en partant d\u2019Inde leur lieu d\u2019origine, jusqu\u2019en Europe. Il obtient en 2010 une bourse d\u2019aide \u00e0 la cr\u00e9ation de la R\u00e9gion Champagne-Ardennne lui permettant de poursuivre ce projet en transylvanie, \u00e0 Istanbul et Auschwitz. Ce travail est pr\u00e9sent\u00e9 en 2010 \u00e0 la galerie de l\u2019\u00c9cole des Beaux-Arts de Metz et projet\u00e9 au Mus\u00e9e Pompidou de Metz. &nbsp; En 2006 il expose \u00abJe ne fais que passer\u00bb au Photofestival d\u2019Angkor au Cambodge, o\u00f9 il anime un atelier avec les enfants des rues. Cette exp\u00e9rience le marquera au point de d\u00e9velopper de nombreux projets autour de l\u2019\u00e9ducation \u00e0 l\u2019image en milieu scolaire. Il organise depuis 2010 des stages photo en France, en Belgique et en Inde. &nbsp; Apr\u00e8s-covid il devient durant 2 ann\u00e9es le photographe du CGLPL, le Contr\u00f4le g\u00e9n\u00e9ral des lieux de privation de libert\u00e9 (Prisons, centres de r\u00e9tention administrative, h\u00f4pitaux psychiatriques...). &nbsp; Il a en cours ce qu\u2019il appelle \u00abses chantiers\u00bb : 20 ans de photographie en Inde avec divers projets d\u2019\u00e9dition, une s\u00e9rie en cours : \u00abTerre des for\u00eats\u00bb sur le bassin minier de Jharia en Inde et \u00abScala Naturae\u00bb un projet autour du Mythe du bon sauvage qu\u2019il enrichit au cours de ses r\u00e9sidences en Lyc\u00e9es Agricoles. \u00a0"}

Né en 1963, vit à Paris. &nbsp; Thierry Chantegret a étudié la photographie à l’ETPA de Toulouse. Après son service militaire il s’installe à Paris et assiste des photographes de mode et de publicité. Bien que peu attiré par ces univers qui lui permettent cependant de voyager, il a notamment pu collaborer à des prises de vues de Guy Bourdin et Steve Hiett. En 1997, après avoir longuement travaillé dans la photogravure numérique dès ses débuts, il part une année en Argentine. Il y accompagne Paula Luttringer, photographe franco-argentine ex-détenue de la dictature argentine, dans son projet «Los lamentatos de los muros», sur les lieux de détention de la junte argentine. À son retour il est tireur au laboratoire Picto et pratique assidument la «Street photography». Après une première exposition remarquée au Festival des Chroniques Nomades «Je ne fais que passer», résultat du premier de ses nombreux voyages en Inde et après s’être occupé deux années des tirages d’exposition de Luc Delahaye (période l’ayant particuliérement marquée), il se décide à devenir pleinement photographe. &nbsp; Commence une longue période de travaux photographiques et de résidences en Région Grand-Est et plus particuliérement dans les Ardennes. En 2006 il expose «Une ville» au Musée de l’Ardenne à Charleville-Mézières après avoir été durant une année le premier résident de la «Maison des Ailleurs», maison d’Arthur Rimbaud. À l’automne 2007, lors d’une résidence à La Métive en Creuse, il travaille sur un projet sur les discrimination dont une partie deviendra«Identité ? qui traite de la dilution de l’identité des «Gens du voyage : roms, tsiganes, manouches, gitans» en partant d’Inde leur lieu d’origine, jusqu’en Europe. Il obtient en 2010 une bourse d’aide à la création de la Région Champagne-Ardennne lui permettant de poursuivre ce projet en transylvanie, à Istanbul et Auschwitz. Ce travail est présenté en 2010 à la galerie de l’École des Beaux-Arts de Metz et projeté au Musée Pompidou de Metz. &nbsp; En 2006 il expose «Je ne fais que passer» au Photofestival d’Angkor au Cambodge, où il anime un atelier avec les enfants des rues. Cette expérience le marquera au point de développer de nombreux projets autour de l’éducation à l’image en milieu scolaire. Il organise depuis 2010 des stages photo en France, en Belgique et en Inde. &nbsp; Après-covid il devient durant 2 années le photographe du CGLPL, le Contrôle général des lieux de privation de liberté (Prisons, centres de rétention administrative, hôpitaux psychiatriques...). &nbsp; Il a en cours ce qu’il appelle «ses chantiers» : 20 ans de photographie en Inde avec divers projets d’édition, une série en cours : «Terre des forêts» sur le bassin minier de Jharia en Inde et «Scala Naturae» un projet autour du Mythe du bon sauvage qu’il enrichit au cours de ses résidences en Lycées Agricoles.
