{"version":"1.0","provider_name":"Ateliers d&#039;Artistes de Belleville","provider_url":"https:\/\/ateliers-artistes-belleville.fr\/en","author_name":"H\u00e9lo\u00efse","author_url":"https:\/\/ateliers-artistes-belleville.fr\/en\/author\/heloise-anne-brilletgmail-com\/","title":"H\u00e9lo\u00efse Brillet | Gravure | Ateliers d&#039;Artistes de Belleville","type":"rich","width":600,"height":338,"html":"<blockquote class=\"wp-embedded-content\" data-secret=\"YSbzweFAyT\"><a href=\"https:\/\/ateliers-artistes-belleville.fr\/en\/artiste\/heloise-brillet\/\">H\u00e9lo\u00efse Brillet<\/a><\/blockquote><iframe sandbox=\"allow-scripts\" security=\"restricted\" src=\"https:\/\/ateliers-artistes-belleville.fr\/en\/artiste\/heloise-brillet\/embed\/#?secret=YSbzweFAyT\" width=\"600\" height=\"338\" title=\"&#8220;H\u00e9lo\u00efse Brillet&#8221; &#8212; Ateliers d&#039;Artistes de Belleville\" data-secret=\"YSbzweFAyT\" frameborder=\"0\" marginwidth=\"0\" marginheight=\"0\" scrolling=\"no\" class=\"wp-embedded-content\"><\/iframe><script type=\"text\/javascript\">\n\/* <![CDATA[ *\/\n\/*! This file is auto-generated *\/\n!function(d,l){\"use strict\";l.querySelector&&d.addEventListener&&\"undefined\"!=typeof URL&&(d.wp=d.wp||{},d.wp.receiveEmbedMessage||(d.wp.receiveEmbedMessage=function(e){var t=e.data;if((t||t.secret||t.message||t.value)&&!\/[^a-zA-Z0-9]\/.test(t.secret)){for(var s,r,n,a=l.querySelectorAll('iframe[data-secret=\"'+t.secret+'\"]'),o=l.querySelectorAll('blockquote[data-secret=\"'+t.secret+'\"]'),c=new RegExp(\"^https?:$\",\"i\"),i=0;i<o.length;i++)o[i].style.display=\"none\";for(i=0;i<a.length;i++)s=a[i],e.source===s.contentWindow&&(s.removeAttribute(\"style\"),\"height\"===t.message?(1e3<(r=parseInt(t.value,10))?r=1e3:~~r<200&&(r=200),s.height=r):\"link\"===t.message&&(r=new URL(s.getAttribute(\"src\")),n=new URL(t.value),c.test(n.protocol))&&n.host===r.host&&l.activeElement===s&&(d.top.location.href=t.value))}},d.addEventListener(\"message\",d.wp.receiveEmbedMessage,!1),l.addEventListener(\"DOMContentLoaded\",function(){for(var e,t,s=l.querySelectorAll(\"iframe.wp-embedded-content\"),r=0;r<s.length;r++)(t=(e=s[r]).getAttribute(\"data-secret\"))||(t=Math.random().toString(36).substring(2,12),e.src+=\"#?secret=\"+t,e.setAttribute(\"data-secret\",t)),e.contentWindow.postMessage({message:\"ready\",secret:t},\"*\")},!1)))}(window,document);\n\/* ]]> *\/\n<\/script>\n","thumbnail_url":"https:\/\/ateliers-artistes-belleville.fr\/wp-content\/uploads\/heloise-anne-brilletgmail-com\/2025\/73-brilletheloise-summer-gravuredetail.jpg","thumbnail_width":1041,"thumbnail_height":1041,"description":"H\u00e9lo\u00efse Brillet est dipl\u00f4m\u00e9e en litt\u00e9rature japonaise et en art et s'int\u00e9resse aux croisement des cultures et des techniques. Elle pratique le dessin, la peinture, la gravure, le dessin digital... Elle utilise dans ses \u0153uvres des motifs, des palettes de couleurs ou des papiers en r\u00e9f\u00e9rence au Japon, son pays de c\u0153ur. Aussi, les titres de ses \u0153uvres ou les textes directement \u00e9crits sur ses images sont souvent des r\u00e9f\u00e9rences \u00e0 la litt\u00e9rature japonaise. Elle cr\u00e9e g\u00e9n\u00e9ralement de fa\u00e7on disparate et librement au fil de son inspiration, puis c'est en prenant du recul sur son travail qu'elle retrouve des associations de th\u00e8mes, associe des peintures \u00e0 des textes ou \u00e0 d'autres dessins. Ses motifs r\u00e9currents sont la vie quotidienne, le f\u00e9minisme et l'\u00e9cologie. &nbsp; A venir :\u00a0 Exposition Women of my nordic travels - Bokbar caf\u00e9, Paris 20 (28-30 mai 2026) Exposition Summer - Villa Belleville (28-30 mai 2026) &nbsp; s\u00e9rie Momentan\u00e9es Les Momentan\u00e9es, sont des compositions d'\u0153uvres et de fragments r\u00e9alis\u00e9es sp\u00e9cialement pour une exposition qui marque comme une \u00e9tape dans la vie de l\u2019artiste. Le moment de l'exposition invite \u00e0 la r\u00e9trospection, tandis que la pratique artistique pousse vers le futur. Les Momentan\u00e9es sont comme si l'artiste se retournait pour observer le chemin parcouru, et rassemblait les \u00e9l\u00e9ments cr\u00e9\u00e9s sur son passage. Entre les formes, les couleurs et les th\u00e8mes, des liens s'op\u00e8rent et l'artiste propose une composition. A la fin de l'exposition, les Momentan\u00e9es sont d\u00e9faits et les \u00e9l\u00e9ments qui les composent pourront \u00eatre r\u00e9utilis\u00e9s pour une autre composition. Seule leur acquisition peut permettre d'en conserver la forme. C'est en les retirant de la vie de l'artiste qu'ils prennent leur forme d\u00e9finitive. &nbsp; s\u00e9rie Momentan\u00e9es pour la revue Seito (30 octobre - 2 novembre 2025) Cette s\u00e9rie prend pour th\u00e8me la revue\u00a0Seito\u00a0\u9752\u979c (\u2018Bas Bleus\u2019) (1911-1916), la premi\u00e8re revue f\u00e9ministe du Japon cr\u00e9\u00e9e et enti\u00e8rement g\u00e9r\u00e9e par des femmes. C\u2019est au cours d\u2019un travail de traduction que H\u00e9lo\u00efse a pris connaissance des gravures accompagnant la revue r\u00e9alis\u00e9e par l\u2019artiste et po\u00e9tesse Chieko Takamura et a d\u00e9cid\u00e9 de s\u2019en servir comme support visuel, illustrant un certain imaginaire de la f\u00e9minit\u00e9 dans le Japon du d\u00e9but du XXe\u00a0si\u00e8cle. L\u2019artiste interroge les liens qu\u2019il reste entre les luttes de ces femmes et nos luttes contemporaines par les croisements entre ces gravures, des extraits de traductions, des visuels personnels mais aussi la couleur violette (non pr\u00e9sente sur les originaux) faisant r\u00e9f\u00e9rence aux suffragettes qui ont \u00e9t\u00e9 une source d\u2019inspiration pour les contributrices de la revue\u00a0Seito\u00a0et le sont encore de nos jours. Un prolongement de son travail de traduction est d'illustration est disponible sur son site ateliertsundoku.fr \u00a0"}

Héloïse

Héloïse Brillet | Gravure | Ateliers d&#039;Artistes de Belleville

<blockquote class="wp-embedded-content" data-secret="YSbzweFAyT"><a href="https://ateliers-artistes-belleville.fr/en/artiste/heloise-brillet/">Héloïse Brillet</a></blockquote><iframe sandbox="allow-scripts" security="restricted" src="https://ateliers-artistes-belleville.fr/en/artiste/heloise-brillet/embed/#?secret=YSbzweFAyT" width="600" height="338" title="&#8220;Héloïse Brillet&#8221; &#8212; Ateliers d&#039;Artistes de Belleville" data-secret="YSbzweFAyT" frameborder="0" marginwidth="0" marginheight="0" scrolling="no" class="wp-embedded-content"></iframe><script type="text/javascript">
/* <![CDATA[ */
/*! This file is auto-generated */
!function(d,l){"use strict";l.querySelector&&d.addEventListener&&"undefined"!=typeof URL&&(d.wp=d.wp||{},d.wp.receiveEmbedMessage||(d.wp.receiveEmbedMessage=function(e){var t=e.data;if((t||t.secret||t.message||t.value)&&!/[^a-zA-Z0-9]/.test(t.secret)){for(var s,r,n,a=l.querySelectorAll('iframe[data-secret="'+t.secret+'"]'),o=l.querySelectorAll('blockquote[data-secret="'+t.secret+'"]'),c=new RegExp("^https?:$","i"),i=0;i<o.length;i++)o[i].style.display="none";for(i=0;i<a.length;i++)s=a[i],e.source===s.contentWindow&&(s.removeAttribute("style"),"height"===t.message?(1e3<(r=parseInt(t.value,10))?r=1e3:~~r<200&&(r=200),s.height=r):"link"===t.message&&(r=new URL(s.getAttribute("src")),n=new URL(t.value),c.test(n.protocol))&&n.host===r.host&&l.activeElement===s&&(d.top.location.href=t.value))}},d.addEventListener("message",d.wp.receiveEmbedMessage,!1),l.addEventListener("DOMContentLoaded",function(){for(var e,t,s=l.querySelectorAll("iframe.wp-embedded-content"),r=0;r<s.length;r++)(t=(e=s[r]).getAttribute("data-secret"))||(t=Math.random().toString(36).substring(2,12),e.src+="#?secret="+t,e.setAttribute("data-secret",t)),e.contentWindow.postMessage({message:"ready",secret:t},"*")},!1)))}(window,document);
/* ]]> */
</script>

Héloïse Brillet est diplômée en littérature japonaise et en art et s'intéresse aux croisement des cultures et des techniques. Elle pratique le dessin, la peinture, la gravure, le dessin digital... Elle utilise dans ses œuvres des motifs, des palettes de couleurs ou des papiers en référence au Japon, son pays de cœur. Aussi, les titres de ses œuvres ou les textes directement écrits sur ses images sont souvent des références à la littérature japonaise. Elle crée généralement de façon disparate et librement au fil de son inspiration, puis c'est en prenant du recul sur son travail qu'elle retrouve des associations de thèmes, associe des peintures à des textes ou à d'autres dessins. Ses motifs récurrents sont la vie quotidienne, le féminisme et l'écologie. &nbsp; A venir :  Exposition Women of my nordic travels - Bokbar café, Paris 20 (28-30 mai 2026) Exposition Summer - Villa Belleville (28-30 mai 2026) &nbsp; série Momentanées Les Momentanées, sont des compositions d'œuvres et de fragments réalisées spécialement pour une exposition qui marque comme une étape dans la vie de l’artiste. Le moment de l'exposition invite à la rétrospection, tandis que la pratique artistique pousse vers le futur. Les Momentanées sont comme si l'artiste se retournait pour observer le chemin parcouru, et rassemblait les éléments créés sur son passage. Entre les formes, les couleurs et les thèmes, des liens s'opèrent et l'artiste propose une composition. A la fin de l'exposition, les Momentanées sont défaits et les éléments qui les composent pourront être réutilisés pour une autre composition. Seule leur acquisition peut permettre d'en conserver la forme. C'est en les retirant de la vie de l'artiste qu'ils prennent leur forme définitive. &nbsp; série Momentanées pour la revue Seito (30 octobre - 2 novembre 2025) Cette série prend pour thème la revue Seito 青鞜 (‘Bas Bleus’) (1911-1916), la première revue féministe du Japon créée et entièrement gérée par des femmes. C’est au cours d’un travail de traduction que Héloïse a pris connaissance des gravures accompagnant la revue réalisée par l’artiste et poétesse Chieko Takamura et a décidé de s’en servir comme support visuel, illustrant un certain imaginaire de la féminité dans le Japon du début du XXe siècle. L’artiste interroge les liens qu’il reste entre les luttes de ces femmes et nos luttes contemporaines par les croisements entre ces gravures, des extraits de traductions, des visuels personnels mais aussi la couleur violette (non présente sur les originaux) faisant référence aux suffragettes qui ont été une source d’inspiration pour les contributrices de la revue Seito et le sont encore de nos jours. Un prolongement de son travail de traduction est d'illustration est disponible sur son site ateliertsundoku.fr
