{"version":"1.0","provider_name":"Ateliers d&#039;Artistes de Belleville","provider_url":"https:\/\/ateliers-artistes-belleville.fr\/en","author_name":"GIL","author_url":"https:\/\/ateliers-artistes-belleville.fr\/en\/author\/gil-sculpturesfr-fr\/","title":"GiL | Sculpture | Ateliers d&#039;Artistes de Belleville","type":"rich","width":600,"height":338,"html":"<blockquote class=\"wp-embedded-content\" data-secret=\"oaoZl1YrdQ\"><a href=\"https:\/\/ateliers-artistes-belleville.fr\/en\/artiste\/gil\/\">GiL<\/a><\/blockquote><iframe sandbox=\"allow-scripts\" security=\"restricted\" src=\"https:\/\/ateliers-artistes-belleville.fr\/en\/artiste\/gil\/embed\/#?secret=oaoZl1YrdQ\" width=\"600\" height=\"338\" title=\"&#8220;GiL&#8221; &#8212; Ateliers d&#039;Artistes de Belleville\" data-secret=\"oaoZl1YrdQ\" frameborder=\"0\" marginwidth=\"0\" marginheight=\"0\" scrolling=\"no\" class=\"wp-embedded-content\"><\/iframe><script type=\"text\/javascript\">\n\/* <![CDATA[ *\/\n\/*! This file is auto-generated *\/\n!function(d,l){\"use strict\";l.querySelector&&d.addEventListener&&\"undefined\"!=typeof URL&&(d.wp=d.wp||{},d.wp.receiveEmbedMessage||(d.wp.receiveEmbedMessage=function(e){var t=e.data;if((t||t.secret||t.message||t.value)&&!\/[^a-zA-Z0-9]\/.test(t.secret)){for(var s,r,n,a=l.querySelectorAll('iframe[data-secret=\"'+t.secret+'\"]'),o=l.querySelectorAll('blockquote[data-secret=\"'+t.secret+'\"]'),c=new RegExp(\"^https?:$\",\"i\"),i=0;i<o.length;i++)o[i].style.display=\"none\";for(i=0;i<a.length;i++)s=a[i],e.source===s.contentWindow&&(s.removeAttribute(\"style\"),\"height\"===t.message?(1e3<(r=parseInt(t.value,10))?r=1e3:~~r<200&&(r=200),s.height=r):\"link\"===t.message&&(r=new URL(s.getAttribute(\"src\")),n=new URL(t.value),c.test(n.protocol))&&n.host===r.host&&l.activeElement===s&&(d.top.location.href=t.value))}},d.addEventListener(\"message\",d.wp.receiveEmbedMessage,!1),l.addEventListener(\"DOMContentLoaded\",function(){for(var e,t,s=l.querySelectorAll(\"iframe.wp-embedded-content\"),r=0;r<s.length;r++)(t=(e=s[r]).getAttribute(\"data-secret\"))||(t=Math.random().toString(36).substring(2,12),e.src+=\"#?secret=\"+t,e.setAttribute(\"data-secret\",t)),e.contentWindow.postMessage({message:\"ready\",secret:t},\"*\")},!1)))}(window,document);\n\/* ]]> *\/\n<\/script>\n","thumbnail_url":"https:\/\/ateliers-artistes-belleville.fr\/wp-content\/uploads\/gil-sculpturesfr-fr\/2012\/DSCN0406.jpg","thumbnail_width":741,"thumbnail_height":768,"description":"J\u2019ai depuis toujours \u00e9t\u00e9 attir\u00e9 par les arts plastiques, notamment par la statuaire antique et la sculpture classique. Mais la vie m\u2019a emmen\u00e9 sur d\u2019autres chemins jusqu\u2019\u00e0 la retraite, en 2008, o\u00f9 j\u2019ai pu enfin acc\u00e9der \u00e0 ce vieux r\u00eave presque oubli\u00e9\u00a0: celui de la cr\u00e9ation artistique. La rencontre avec la terre et le modelage a \u00e9t\u00e9 pour moi une r\u00e9v\u00e9lation\u00a0: autodidacte, je participe depuis lors \u00e0 des ateliers de sculpture (Ateliers des Beaux-arts de Paris, \u00e9cole Duperr\u00e9, cours et stages priv\u00e9s) pour me perfectionner dans mon domaine de pr\u00e9dilection\u00a0: la repr\u00e9sentation du corps humain, nu et portrait.&nbsp;Ma d\u00e9marche artistique\u00a0? J\u2019aime simplement repr\u00e9senter l\u2019Homme, \u00e0 l\u2019exclusion de toute autre sujet. Pourquoi\u00a0? Probablement parce que le corps et le visage humains repr\u00e9sentent un univers auquel je peux acc\u00e9der directement, par l\u2019int\u00e9rieur, que je peux comprendre et exprimer sans le filtre de l\u2019analyse et de la raison. \u00c0 vrai dire, je suis plus particuli\u00e8rement int\u00e9ress\u00e9 par la figure f\u00e9minine qui conserve pour moi une plus grande part de myst\u00e8re et m\u2019attire d\u2019autant plus. Mes \u0153uvres naissent spontan\u00e9ment de la rencontre entre la forme observ\u00e9e ou fantasm\u00e9e et la sensation procur\u00e9e par le modelage de la terre. Elles sont toutes, m\u00eame les bronzes, tir\u00e9es de la terre, qui est pour moi la mati\u00e8re noble et primordiale \u00e0 l\u2019origine de la vie et de l\u2019esprit."}

J’ai depuis toujours été attiré par les arts plastiques, notamment par la statuaire antique et la sculpture classique. Mais la vie m’a emmené sur d’autres chemins jusqu’à la retraite, en 2008, où j’ai pu enfin accéder à ce vieux rêve presque oublié : celui de la création artistique. La rencontre avec la terre et le modelage a été pour moi une révélation : autodidacte, je participe depuis lors à des ateliers de sculpture (Ateliers des Beaux-arts de Paris, école Duperré, cours et stages privés) pour me perfectionner dans mon domaine de prédilection : la représentation du corps humain, nu et portrait.&nbsp;Ma démarche artistique ? J’aime simplement représenter l’Homme, à l’exclusion de toute autre sujet. Pourquoi ? Probablement parce que le corps et le visage humains représentent un univers auquel je peux accéder directement, par l’intérieur, que je peux comprendre et exprimer sans le filtre de l’analyse et de la raison. À vrai dire, je suis plus particulièrement intéressé par la figure féminine qui conserve pour moi une plus grande part de mystère et m’attire d’autant plus. Mes œuvres naissent spontanément de la rencontre entre la forme observée ou fantasmée et la sensation procurée par le modelage de la terre. Elles sont toutes, même les bronzes, tirées de la terre, qui est pour moi la matière noble et primordiale à l’origine de la vie et de l’esprit.
