{"version":"1.0","provider_name":"Ateliers d&#039;Artistes de Belleville","provider_url":"https:\/\/ateliers-artistes-belleville.fr\/en","author_name":"F Emmanuel Bastien","author_url":"https:\/\/ateliers-artistes-belleville.fr\/en\/author\/manuphotos-comgmail-com\/","title":"F. Emmanuel Bastien | Photographie | Ateliers d&#039;Artistes de Belleville","type":"rich","width":600,"height":338,"html":"<blockquote class=\"wp-embedded-content\" data-secret=\"RsMxBq5UWT\"><a href=\"https:\/\/ateliers-artistes-belleville.fr\/en\/artiste\/f-emmanuel-bastien\/\">F. Emmanuel Bastien<\/a><\/blockquote><iframe sandbox=\"allow-scripts\" security=\"restricted\" src=\"https:\/\/ateliers-artistes-belleville.fr\/en\/artiste\/f-emmanuel-bastien\/embed\/#?secret=RsMxBq5UWT\" width=\"600\" height=\"338\" title=\"&#8220;F. Emmanuel Bastien&#8221; &#8212; Ateliers d&#039;Artistes de Belleville\" data-secret=\"RsMxBq5UWT\" frameborder=\"0\" marginwidth=\"0\" marginheight=\"0\" scrolling=\"no\" class=\"wp-embedded-content\"><\/iframe><script type=\"text\/javascript\">\n\/* <![CDATA[ *\/\n\/*! This file is auto-generated *\/\n!function(d,l){\"use strict\";l.querySelector&&d.addEventListener&&\"undefined\"!=typeof URL&&(d.wp=d.wp||{},d.wp.receiveEmbedMessage||(d.wp.receiveEmbedMessage=function(e){var t=e.data;if((t||t.secret||t.message||t.value)&&!\/[^a-zA-Z0-9]\/.test(t.secret)){for(var s,r,n,a=l.querySelectorAll('iframe[data-secret=\"'+t.secret+'\"]'),o=l.querySelectorAll('blockquote[data-secret=\"'+t.secret+'\"]'),c=new RegExp(\"^https?:$\",\"i\"),i=0;i<o.length;i++)o[i].style.display=\"none\";for(i=0;i<a.length;i++)s=a[i],e.source===s.contentWindow&&(s.removeAttribute(\"style\"),\"height\"===t.message?(1e3<(r=parseInt(t.value,10))?r=1e3:~~r<200&&(r=200),s.height=r):\"link\"===t.message&&(r=new URL(s.getAttribute(\"src\")),n=new URL(t.value),c.test(n.protocol))&&n.host===r.host&&l.activeElement===s&&(d.top.location.href=t.value))}},d.addEventListener(\"message\",d.wp.receiveEmbedMessage,!1),l.addEventListener(\"DOMContentLoaded\",function(){for(var e,t,s=l.querySelectorAll(\"iframe.wp-embedded-content\"),r=0;r<s.length;r++)(t=(e=s[r]).getAttribute(\"data-secret\"))||(t=Math.random().toString(36).substring(2,12),e.src+=\"#?secret=\"+t,e.setAttribute(\"data-secret\",t)),e.contentWindow.postMessage({message:\"ready\",secret:t},\"*\")},!1)))}(window,document);\n\/* ]]> *\/\n<\/script>\n","thumbnail_url":"https:\/\/ateliers-artistes-belleville.fr\/wp-content\/uploads\/manuphotos-comgmail-com\/2026\/gopr0242-660x660.jpg","thumbnail_width":660,"thumbnail_height":660,"description":"F Emmanuel Bastien &nbsp; Emmanuel Bastien est photographe et directeur de la photographie bas\u00e9 \u00e0 New York et \u00e0 Paris. Depuis 30 ans, il couvre l'actualit\u00e9, tourne de documentaires, de publicit\u00e9 et de la mode sur tous les continents, de la Cor\u00e9e du Nord \u00e0 l'Alaska. &nbsp; Ayant pass\u00e9 la majeure partie de sa carri\u00e8re en tant que directeur de la photographie et cam\u00e9raman, Emmanuel voit la photographie comme une opportunit\u00e9 d\u2019explorer de nouveaux narratives. Son imagerie po\u00e9tique et non descriptive est entrelac\u00e9e de commentaires sociaux et de r\u00e9cits qui suscitent une r\u00e9ponse \u00e9motionnelle imm\u00e9diate et donnent aux photos leur pouvoir. &nbsp; En 1973, au plus fort du conflit cambodgien, Emmanuel, alors \u00e2g\u00e9 de 9 ans, est t\u00e9moin des effets d\u00e9vastateurs de la guerre \u00e0 travers les yeux des nombreux photographes et journalistes qui fr\u00e9quentent la maison de ses parents \u00e0 Phnom Penh. Captiv\u00e9 par leurs histoires, il prend conscience du pouvoir et de l\u2019importance de l\u2019image pour exprimer et partager les enjeux de soci\u00e9t\u00e9. &nbsp; Publications : En 2003 Emmanuel a photographi\u00e9 75 images en noir et blanc prises \u00e0 Harlem, au Mexique et dans le Mission District de San Francisco, pour illustrer le livre de cuisine \u00ab La Comida Del Barrio\u00bb.\u00a0 Du chef Aaron Sanchez.\u00a0 Larkson Potter publishers, Random House in 2003. &nbsp; Emmanuel est repr\u00e9sent\u00e9 par l'agence photo Millennium \u00e0 Londres &nbsp; Expositions\u00a0: &nbsp; 2026 Exposition 12 cm 30 \u00e8me Edition Aruedas 28 mars au 12 avril 2026 Hendaye 7 f\u00e9vrier au 23 f\u00e9vrier 2026 Pasaia 12 decembre 2025 au 18 janvier 2026 &nbsp; 2025 Exposition 12 cm 29-\u00e8me Edition Aruedas 05 avril au 20 avril 2025 Hendaye 6 f\u00e9vrier au 22 f\u00e9vrier 2025 Pasaia 13 decembre 2024 au 19 janvier 2025 &nbsp; 2024 Exposition 12 cm 28-\u00e8me Edition Aruedas 23 avril au 07 avril 2024 Hendaye 7 f\u00e9vrier au 24 f\u00e9vrier 2024 Pasaia 15 decembre 2023 au 14 janvier 2024 &nbsp; 2023 Exposition 12 cm 27-\u00e8me Edition Aruedas 01 avril au 17 avril 2023 Hendaye 3 f\u00e9vrier au 26 f\u00e9vrier 2023 Pasaia 13 decembre 2022 au 15 janvier 2023 &nbsp; 2022 Exposition 12 cm 26-\u00e8me Edition Aruedas 02 avril au 18 avril 2022 Hendaye 02 f\u00e9vrier au 19 f\u00e9vrier 2022 Pasaia 17 decembre 2021 au 16 janvier 2022 &nbsp; &nbsp; Nov 2021, Hendaye Reflejo nebulosos\u201d &nbsp; Jan 2020 New York, Plaxall Gallery, \u201cLife Interrupted\u201d \u201cWe will survive a new life after being an ISIS slave\u201d &nbsp; March 2019, Minneapolis, Praxis Gallery \u201cThe decisive moment\u201d &nbsp; Feb 2019, Rome, Tavere Art Gallery \u201cArles 2 Rome\u201d \u201cFragmented reflections\u201d &nbsp; Oct 2019, New York, SohoPhoto Gallery, \u201cImmigrants\u201d \u201cWe will survive a new life after being an ISIS slave\u201d \u00a0 &nbsp; Dec 2018, New York, SohoPhoto Gallery, \u201cGet your hands dirty\u201d &nbsp; May 2018, New York, SohoPhoto Gallery, \u201cEncuentra aqui lo que nececita\u201d &nbsp; Dec 2017, New York, SohoPhoto Gallery, \u201cEl merito estar vivo\u201d &nbsp; Oct 2016, New York, SohoPhoto Gallery, \u201cFragmented reflections &nbsp; Jan 2016, New York, SohoPhoto Gallery, \u201cUnder the Cuban sun\u201d"}

F Emmanuel Bastien &nbsp; Emmanuel Bastien est photographe et directeur de la photographie basé à New York et à Paris. Depuis 30 ans, il couvre l'actualité, tourne de documentaires, de publicité et de la mode sur tous les continents, de la Corée du Nord à l'Alaska. &nbsp; Ayant passé la majeure partie de sa carrière en tant que directeur de la photographie et caméraman, Emmanuel voit la photographie comme une opportunité d’explorer de nouveaux narratives. Son imagerie poétique et non descriptive est entrelacée de commentaires sociaux et de récits qui suscitent une réponse émotionnelle immédiate et donnent aux photos leur pouvoir. &nbsp; En 1973, au plus fort du conflit cambodgien, Emmanuel, alors âgé de 9 ans, est témoin des effets dévastateurs de la guerre à travers les yeux des nombreux photographes et journalistes qui fréquentent la maison de ses parents à Phnom Penh. Captivé par leurs histoires, il prend conscience du pouvoir et de l’importance de l’image pour exprimer et partager les enjeux de société. &nbsp; Publications : En 2003 Emmanuel a photographié 75 images en noir et blanc prises à Harlem, au Mexique et dans le Mission District de San Francisco, pour illustrer le livre de cuisine « La Comida Del Barrio».  Du chef Aaron Sanchez.  Larkson Potter publishers, Random House in 2003. &nbsp; Emmanuel est représenté par l'agence photo Millennium à Londres &nbsp; Expositions : &nbsp; 2026 Exposition 12 cm 30 ème Edition Aruedas 28 mars au 12 avril 2026 Hendaye 7 février au 23 février 2026 Pasaia 12 decembre 2025 au 18 janvier 2026 &nbsp; 2025 Exposition 12 cm 29-ème Edition Aruedas 05 avril au 20 avril 2025 Hendaye 6 février au 22 février 2025 Pasaia 13 decembre 2024 au 19 janvier 2025 &nbsp; 2024 Exposition 12 cm 28-ème Edition Aruedas 23 avril au 07 avril 2024 Hendaye 7 février au 24 février 2024 Pasaia 15 decembre 2023 au 14 janvier 2024 &nbsp; 2023 Exposition 12 cm 27-ème Edition Aruedas 01 avril au 17 avril 2023 Hendaye 3 février au 26 février 2023 Pasaia 13 decembre 2022 au 15 janvier 2023 &nbsp; 2022 Exposition 12 cm 26-ème Edition Aruedas 02 avril au 18 avril 2022 Hendaye 02 février au 19 février 2022 Pasaia 17 decembre 2021 au 16 janvier 2022 &nbsp; &nbsp; Nov 2021, Hendaye Reflejo nebulosos” &nbsp; Jan 2020 New York, Plaxall Gallery, “Life Interrupted” “We will survive a new life after being an ISIS slave” &nbsp; March 2019, Minneapolis, Praxis Gallery “The decisive moment” &nbsp; Feb 2019, Rome, Tavere Art Gallery “Arles 2 Rome” “Fragmented reflections” &nbsp; Oct 2019, New York, SohoPhoto Gallery, “Immigrants” “We will survive a new life after being an ISIS slave”   &nbsp; Dec 2018, New York, SohoPhoto Gallery, “Get your hands dirty” &nbsp; May 2018, New York, SohoPhoto Gallery, “Encuentra aqui lo que nececita” &nbsp; Dec 2017, New York, SohoPhoto Gallery, “El merito estar vivo” &nbsp; Oct 2016, New York, SohoPhoto Gallery, “Fragmented reflections &nbsp; Jan 2016, New York, SohoPhoto Gallery, “Under the Cuban sun”
