{"version":"1.0","provider_name":"Ateliers d&#039;Artistes de Belleville","provider_url":"https:\/\/ateliers-artistes-belleville.fr\/en","author_name":"delphineepron@gmail.com","author_url":"https:\/\/ateliers-artistes-belleville.fr\/en\/author\/delphineeprongmail-com\/","title":"Delphine Epron | Peinture, Dessin, Gravure | Ateliers d&#039;Artistes de Belleville","type":"rich","width":600,"height":338,"html":"<blockquote class=\"wp-embedded-content\" data-secret=\"GKanYuNT1r\"><a href=\"https:\/\/ateliers-artistes-belleville.fr\/en\/artiste\/delphine-epron\/\">Delphine Epron<\/a><\/blockquote><iframe sandbox=\"allow-scripts\" security=\"restricted\" src=\"https:\/\/ateliers-artistes-belleville.fr\/en\/artiste\/delphine-epron\/embed\/#?secret=GKanYuNT1r\" width=\"600\" height=\"338\" title=\"&#8220;Delphine Epron&#8221; &#8212; Ateliers d&#039;Artistes de Belleville\" data-secret=\"GKanYuNT1r\" frameborder=\"0\" marginwidth=\"0\" marginheight=\"0\" scrolling=\"no\" class=\"wp-embedded-content\"><\/iframe><script type=\"text\/javascript\">\n\/* <![CDATA[ *\/\n\/*! This file is auto-generated *\/\n!function(d,l){\"use strict\";l.querySelector&&d.addEventListener&&\"undefined\"!=typeof URL&&(d.wp=d.wp||{},d.wp.receiveEmbedMessage||(d.wp.receiveEmbedMessage=function(e){var t=e.data;if((t||t.secret||t.message||t.value)&&!\/[^a-zA-Z0-9]\/.test(t.secret)){for(var s,r,n,a=l.querySelectorAll('iframe[data-secret=\"'+t.secret+'\"]'),o=l.querySelectorAll('blockquote[data-secret=\"'+t.secret+'\"]'),c=new RegExp(\"^https?:$\",\"i\"),i=0;i<o.length;i++)o[i].style.display=\"none\";for(i=0;i<a.length;i++)s=a[i],e.source===s.contentWindow&&(s.removeAttribute(\"style\"),\"height\"===t.message?(1e3<(r=parseInt(t.value,10))?r=1e3:~~r<200&&(r=200),s.height=r):\"link\"===t.message&&(r=new URL(s.getAttribute(\"src\")),n=new URL(t.value),c.test(n.protocol))&&n.host===r.host&&l.activeElement===s&&(d.top.location.href=t.value))}},d.addEventListener(\"message\",d.wp.receiveEmbedMessage,!1),l.addEventListener(\"DOMContentLoaded\",function(){for(var e,t,s=l.querySelectorAll(\"iframe.wp-embedded-content\"),r=0;r<s.length;r++)(t=(e=s[r]).getAttribute(\"data-secret\"))||(t=Math.random().toString(36).substring(2,12),e.src+=\"#?secret=\"+t,e.setAttribute(\"data-secret\",t)),e.contentWindow.postMessage({message:\"ready\",secret:t},\"*\")},!1)))}(window,document);\n\/* ]]> *\/\n<\/script>\n","thumbnail_url":"https:\/\/ateliers-artistes-belleville.fr\/wp-content\/uploads\/delphineeprongmail-com\/2015\/florales-abysses-2-40x30-cm-.jpg","thumbnail_width":1081,"thumbnail_height":886,"description":"\u00ab La vari\u00e9t\u00e9 infinie des sentiments que fait naitre le d\u00e9sir dans l\u2019immobilit\u00e9 a donn\u00e9 lieu \u00e0 l\u2019infinie diversit\u00e9 de leurs formes. \u00bb Francis Ponge, Faune et Flore Je d\u00e9veloppe une pratique artistique pluridisciplinaire, articul\u00e9e autour de la peinture, du dessin, de la gravure et du travail de la terre. Mon approche s\u2019ancre dans l\u2019exploration du paysage v\u00e9g\u00e9tal, entre observation du r\u00e9el et imaginaire personnel. Mes compositions, d\u00e9nu\u00e9es de figures humaines, \u00e9voquent une nature souveraine, travers\u00e9e par une \u00e9nergie intuitive et une gestuelle spontan\u00e9e. \u00c0 travers un vocabulaire organique et min\u00e9ral, je construis un univers symbolique o\u00f9 chaque \u00e9l\u00e9ment v\u00e9g\u00e9tal devient porteur de m\u00e9moire, d\u2019\u00e9motions latentes et de r\u00e9cits implicites. Mon travail interroge notre lien au vivant, en jouant sur l\u2019ambigu\u00eft\u00e9 entre \u00e9tranget\u00e9 et attraction, inqui\u00e9tude et douceur. Il en r\u00e9sulte des \u0153uvres sensibles, parfois \u00e9nigmatiques, o\u00f9 la mati\u00e8re et le trait dialoguent pour donner forme \u00e0 une tension po\u00e9tique. \u00ab Pour la citadine que je suis, la contemplation de la nature a toujours \u00e9t\u00e9 un r\u00e9confort et un refuge, ouvrant vers un espace de d\u00e9ambulation mentale et sensorielle. \u00bb"}

« La variété infinie des sentiments que fait naitre le désir dans l’immobilité a donné lieu à l’infinie diversité de leurs formes. » Francis Ponge, Faune et Flore Je développe une pratique artistique pluridisciplinaire, articulée autour de la peinture, du dessin, de la gravure et du travail de la terre. Mon approche s’ancre dans l’exploration du paysage végétal, entre observation du réel et imaginaire personnel. Mes compositions, dénuées de figures humaines, évoquent une nature souveraine, traversée par une énergie intuitive et une gestuelle spontanée. À travers un vocabulaire organique et minéral, je construis un univers symbolique où chaque élément végétal devient porteur de mémoire, d’émotions latentes et de récits implicites. Mon travail interroge notre lien au vivant, en jouant sur l’ambiguïté entre étrangeté et attraction, inquiétude et douceur. Il en résulte des œuvres sensibles, parfois énigmatiques, où la matière et le trait dialoguent pour donner forme à une tension poétique. « Pour la citadine que je suis, la contemplation de la nature a toujours été un réconfort et un refuge, ouvrant vers un espace de déambulation mentale et sensorielle. »
